*d - 83 + 19 = 0. Let c = d + 53. Is c a prime number?
True
Let v = -1 - -3. Suppose 12 = -2*l - v*o + 2, -3*l - 5*o - 23 = 0. Is (4 - -125)*l/(-3) composite?
False
Let b = 5 - 5. Let j = 2 - b. Suppose 34 + 84 = j*y. Is y a composite number?
False
Suppose 2*b + o - 3*o - 40 = 0, 5*o - 35 = -4*b. Let a be (-2)/(-6) + 2290/b. Let m = -106 + a. Is m a composite number?
False
Let d(l) = -l - 5. Let g be d(-8). Suppose -24 + 148 = 4*f + 3*m, -f - g*m = -31. Is f composite?
False
Let a(o) be the first derivative of -10*o**2 - 4*o - 1. Let c be a(4). Is (-1)/(2/c*2) composite?
True
Let w(v) = v**3 + 4*v**2 + 3. Let x(l) = -l**2 + l. Let f(p) = -w(p) - x(p). Let y be f(-3). Suppose y = 5*i - 123 - 52. Is i composite?
True
Let w(c) = -10*c + 51. Is w(-16) prime?
True
Let y be ((-100)/8)/((-2)/4). Suppose 0*r - 5*r + y = 0. Suppose 278 - 1393 = -r*p. Is p a composite number?
False
Let a(g) = g**3 + 4*g**2 - 2*g + 2. Let s be a(-4). Suppose -4*j - 2 + s = 0. Is 2 - 4/j*-4 prime?
False
Let b = 143 + -74. Suppose -1 = -2*u - b. Let k = 19 - u. Is k a composite number?
False
Let l(h) = 3*h + 3. Let f(o) = o**3 + 8*o**2 - 9*o + 16. Let g be f(-9). Is l(g) a prime number?
False
Is (250530/(-63))/(4/(-6)) prime?
False
Suppose 4*r = 323 - 1319. Let h be (-6)/(-9) + 40/(-6). Is h/9*r/2 a composite number?
False
Let d(c) = 330*c - 8. Let r(i) = -i - 1. Let y(k) = d(k) - 5*r(k). Is y(4) composite?
True
Let f(t) = -t**3 - 10*t**2 + 3*t + 15. Is f(-12) prime?
False
Let t(r) = r - 5. Let c be t(-4). Suppose -3*g = g - 1520. Is (-3)/c + g/3 prime?
True
Suppose -5*x - x + 26526 = 0. Is x composite?
False
Suppose -5*q = 2*b + 3104, -2*q - 655 - 577 = -4*b. Is q/(-16) - 1/(-4) composite?
True
Is 223/(3 - (5 + -3))*13 a prime number?
False
Let r be ((-15)/(-10))/((-2)/4). Let n(z) = -186*z - 1. Is n(r) composite?
False
Let z = 4 + 3. Is z composite?
False
Let i be (34/6)/((-2)/6). Let f = i - -8. Is (-1)/(f/(-6) + -2) a composite number?
False
Let w(x) = -x**3 + 3*x**2 + 6*x - 1. Let h be w(4). Let b be (-4)/(-6) + 8/(-3). Is (2 - (3 + b))*h a prime number?
True
Let u = -79 - -6. Let r = 147 + u. Is r a composite number?
True
Is 1 - (0 - 234/2) a composite number?
True
Suppose 5*d + 60 = d. Let v be -29*(1 + -3)/2. Let s = d + v. Is s a composite number?
True
Suppose 25*w - 30*w + 8185 = 0. Is w a prime number?
True
Let a(l) = 3*l**2 + 2. Let u(m) = 4*m**2 - 4*m - 1. Let s be u(2). Is a(s) a composite number?
False
Let f be (-1)/3 - (-1)/3. Suppose 3*n = -5*s + 360, -2*n + f*n = -5*s + 335. Is s a prime number?
False
Let c be -1 - (0 - 3) - -101. Suppose c = -3*p + 262. Is p composite?
False
Suppose -z + 3*z = 230. Is z prime?
False
Suppose 116 = 2*h + 34. Let n = 89 + h. Suppose -4*k = -9*k + n. Is k a prime number?
False
Is (-330)/(-25)*5/2 composite?
True
Suppose -x + 5*x = 1684. Suppose 2*z - 5*u - x = 0, -3*z + 0*u + 664 = -u. Is z composite?
False
Let a(h) = 49*h**3 - 5*h**2 - 23*h + 14. Let v(y) = -16*y**3 + 2*y**2 + 8*y - 5. Let m(z) = 6*a(z) + 17*v(z). Is m(2) a prime number?
False
Let n = -52 + 87. Is n a composite number?
True
Let z(x) = x**2 - 1. Let w be z(0). Let t be 1*(37/w)/1. Let y = t + 52. Is y prime?
False
Let i(y) = y**3 + y**2 - y - 1. Let l(m) = m**3 + m**2 - m - 79. Let h(q) = 2*i(q) - l(q). Is h(0) composite?
True
Let n(d) = -3*d + 5. Let q be n(4). Let y be (-2 - -1)*(q - -2). Suppose 2*f + 10 = -y*c + 409, -397 = -5*c - f. Is c a prime number?
True
Let n be (2/2)/((-2)/(-36)). Let a be 94/n + 8/(-36). Suppose -a*z + 13 = -7. Is z a prime number?
False
Suppose 5*x = -0*x - 5. Let d = 4 + x. Suppose 49 = -d*i + 4*i. Is i a prime number?
False
Suppose -4*n + 71 - 11 = 0. Let k = 114 + n. Is k a composite number?
True
Suppose -22 + 7 = -3*g. Suppose -6*i + g*i = 4. Let j(y) = -3*y**3 + y**2 - 2*y + 1. Is j(i) prime?
False
Let b = -451 + 240. Let q = 368 + b. Is q a composite number?
False
Let a = -13 + 6. Let c(m) = m + 8. Let y be c(a). Suppose -o + 10 = -d + y, d + 61 = 5*o. Is o composite?
False
Let s(b) = -b**2 + 8*b**2 - 3*b**2 + 9*b + 5. Is s(-6) a prime number?
False
Suppose c - g + 4 = -4*g, 2*c = -5*g - 6. Is 130 - 6*c/4 composite?
False
Let s(y) = y**3 + 12*y**2 - 6. Suppose -3*b + 43 = -6*b + 2*w, -w = 4*b + 39. Is s(b) a composite number?
True
Let b(x) = 12*x - 1. Let k be b(2). Let y = k + -4. Is y composite?
False
Let m(o) = -o - 4 + o + o. Let i be m(3). Let h(b) = 54*b**2 - 2*b - 1. Is h(i) prime?
False
Suppose -1 = -2*x + 5. Suppose -x*h + 35 = -34. Is h a prime number?
True
Let r = -1059 + 2766. Is r a composite number?
True
Suppose -21*s + 14*s + 15841 = 0. Is s prime?
False
Let k = -556 + 843. Is k composite?
True
Suppose 3*w + w = 16. Is 938/w - (-4)/8 composite?
True
Suppose 3*g - 335 = -2*g. Suppose 4*n = q - g, -2*q - 5*n = -3*q + 70. Is q a composite number?
True
Let f = -23 - -2554. Is f prime?
True
Let o be (-8)/6*(-16 + 1). Suppose 0*y = -4*y + o. Suppose 4*b + 0*b + 29 = 3*c, 5*b - 25 = -y*c. Is c composite?
False
Is -762*((-4)/3)/4 prime?
False
Suppose 0 = -0*c + 5*c. Suppose i + 3*i - 556 = c. Let u = i + -90. Is u composite?
True
Let a(j) = j + 10. Let h be a(-8). Let k(o) = -3 - o + 7 - h*o. Is k(-5) a prime number?
True
Let o(i) = i**2 - 17*i - 16. Is o(-18) a composite number?
True
Suppose -m + 2*l = -1480 + 259, 0 = 5*m + 5*l - 6120. Is m a prime number?
True
Let i be (1/(-3))/1*9. Let p = 9 + i. Suppose h - p*h = y - 10, -5*y + 155 = 4*h. Is y a composite number?
True
Is (-8 - (-10 - -5)) + 538 a prime number?
False
Suppose 290 = -2*d - 4*s, -d - s - 290 = d. Let w = -76 - d. Is w prime?
False
Suppose f - 1 = 2*f. Let l be f/(-2) - 33/(-6). Is ((-298)/l)/(7/(-21)) prime?
True
Suppose 10 = 2*h + 2*j, -3 = h - j + 2. Suppose -i + 3*m + 897 = 2*i, h = -5*i - 5*m + 1495. Let z = i - 88. Is z a prime number?
True
Let s(q) = 54*q - 3. Let w(y) = y**3 - 5*y**2 - 7*y + 9. Let g be w(6). Is s(g) a composite number?
True
Suppose 1334 = 3*u + 5*b, -3*b - 883 = -2*u - 0*b. Is u a composite number?
False
Let i be 20/(-6)*24/20. Let c be 2/(1*-2) - i. Suppose z + c*z = 652. Is z a composite number?
False
Suppose -10 + 2 = -4*t. Suppose 327 = 3*d + t*i - 744, -5*d - i + 1778 = 0. Is d a composite number?
True
Let g(s) = 12*s - 2. Is g(8) a composite number?
True
Suppose 0 = -x + 417 + 368. Is x prime?
False
Let q(x) = -x**3 - 4*x**2 - 3*x + 4. Let y be q(-3). Let l be (y/10)/(2/570). Let p = 193 - l. Is p prime?
True
Is (74 - 12) + 3/1 prime?
False
Suppose -4*i - 16 = 0, 4*i = 3*w + 6*i - 310. Is w composite?
True
Let k(p) = -83*p + 22. Is k(-9) prime?
True
Let j = 171 - 82. Is j prime?
True
Let z be 1/(1/2*-1). Is z/(-4) + (-387)/(-18) a prime number?
False
Let s = -56 - -1732. Suppose 0 = 4*m + y - s, 3*m + 2*y + 262 = 1519. Is m a prime number?
True
Let z(n) be the second derivative of -3*n**5/20 - n**4/3 - n**3/2 + 5*n**2/2 + n. Let u be (4/3)/(3/(-9)). Is z(u) a composite number?
True
Let p(q) = 293*q. Is p(1) a prime number?
True
Let w(g) = 387*g - 1. Let l be w(1). Suppose -4*f - 3*a = -378, f + 3*f = a + l. Let b = 23 + f. Is b a prime number?
False
Suppose 119 = 5*c - 46. Let b = 210 + -116. Suppose v - c = b. Is v a composite number?
False
Let k(s) = -4*s**2 + 7*s - 4. Let g be k(7). Let a = 564 + g. Is a a composite number?
True
Let b(h) = h + 415. Is b(0) a composite number?
True
Let f = -6 + 9. Let r(p) be the second derivative of 37*p**3/6 + 2*p**2 + 4*p. Is r(f) a composite number?
True
Let s(d) = d + 1. Let n be s(8). Let k = 22 - n. Let f = -3 + k. Is f a prime number?
False
Let i(j) = -j - 1. Let c be i(0). Is (26/(-3))/(c/3) prime?
False
Suppose -2*d = -d. Let r be (-1)/((-3)/(-15) - d). Let f(p) = 2*p**2 + 3*p - 2. Is f(r) a composite number?
True
Let f be 75/20 + 1/4. Suppose 3*c = -f*m + 106 - 26, 5*m - 123 = 2*c. Is m a composite number?
False
Suppose 2*v - 1881 = -7*v. Is v a composite number?
True
Let z(h) = -h**3 + 9*h**2 - 8*h - 6. Let p be z(8). Let x be (3 + -6)*4/p. Suppose 4*i = -5*q + 399, x*i = 4*q - i - 313. Is q a prime number?
True
Suppose -3*m + 26 = -10. Let c be (-9)/m - 23/(-4). Let p = 8 - c. Is p prime?
True
Let l be (-7)/(-2)*4/7. Is ((-2)/3)/(l/(-327)) prime?
True
Let b(v) = 46*v - 3. Let z be b(4). Suppose 5*t = -5*h + 1475, 3*h - 767 + z = -2*t. Is t a prime number?
False
Sup